 is the tens digit of 187765?
6
What is the ten thousands digit of 36547?
3
What is the hundreds digit of 599?
5
What is the thousands digit of 28215?
8
What is the units digit of 23?
3
What is the tens digit of 3442?
4
What is the thousands digit of 16454?
6
What is the tens digit of 17452?
5
What is the units digit of 760?
0
What is the tens digit of 6815?
1
What is the tens digit of 3832?
3
What is the hundreds digit of 485?
4
What is the tens digit of 78?
7
What is the tens digit of 636?
3
What is the thousands digit of 21835?
1
What is the units digit of 537?
7
What is the tens digit of 214?
1
What is the units digit of 8981?
1
What is the thousands digit of 24090?
4
What is the ten thousands digit of 54315?
5
What is the tens digit of 21310?
1
What is the hundreds digit of 423?
4
What is the tens digit of 35458?
5
What is the thousands digit of 28053?
8
What is the units digit of 3755?
5
What is the tens digit of 40466?
6
What is the thousands digit of 21006?
1
What is the ten thousands digit of 15454?
1
What is the thousands digit of 63436?
3
What is the hundreds digit of 1276?
2
What is the thousands digit of 1015?
1
What is the units digit of 25268?
8
What is the tens digit of 682?
8
What is the units digit of 84866?
6
What is the units digit of 839?
9
What is the units digit of 29335?
5
What is the tens digit of 2623?
2
What is the tens digit of 9114?
1
What is the tens digit of 6131?
3
What is the thousands digit of 23655?
3
What is the thousands digit of 3500?
3
What is the tens digit of 82?
8
What is the tens digit of 3166?
6
What is the units digit of 13982?
2
What is the hundreds digit of 21678?
6
What is the hundreds digit of 527?
5
What is the tens digit of 29230?
3
What is the tens digit of 33311?
1
What is the hundreds digit of 1199?
1
What is the hundreds digit of 1786?
7
What is the thousands digit of 25990?
5
What is the units digit of 333?
3
What is the tens digit of 145?
4
What is the thousands digit of 3737?
3
What is the ten thousands digit of 38073?
3
What is the units digit of 529?
9
What is the hundreds digit of 10310?
3
What is the units digit of 6829?
9
What is the hundreds digit of 6854?
8
What is the hundreds digit of 2961?
9
What is the ten thousands digit of 48955?
4
What is the tens digit of 126036?
3
What is the tens digit of 2197?
9
What is the units digit of 57727?
7
What is the units digit of 10287?
7
What is the units digit of 14926?
6
What is the hundreds digit of 87329?
3
What is the hundreds digit of 566?
5
What is the ten thousands digit of 13478?
1
What is the hundreds digit of 171?
1
What is the tens digit of 2135?
3
What is the tens digit of 83481?
8
What is the units digit of 965?
5
What is the thousands digit of 2786?
2
What is the units digit of 319?
9
What is the hundreds digit of 23816?
8
What is the units digit of 885?
5
What is the thousands digit of 45277?
5
What is the units digit of 16336?
6
What is the tens digit of 7334?
3
What is the hundreds digit of 10633?
6
What is the units digit of 10952?
2
What is the hundreds digit of 93753?
7
What is the thousands digit of 15794?
5
What is the thousands digit of 1919?
1
What is the tens digit of 660?
6
What is the thousands digit of 59433?
9
What is the tens digit of 451?
5
What is the tens digit of 1934?
3
What is the thousands digit of 3479?
3
What is the thousands digit of 2768?
2
What is the thousands digit of 1649?
1
What is the hundreds digit of 1247?
2
What is the hundreds digit of 669?
6
What is the thousands digit of 6055?
6
What is the tens digit of 17294?
9
What is the tens digit of 48?
4
What is the thousands digit of 1722?
1
What is the tens digit of 96?
9
What is the thousands digit of 1455?
1
What is the ten thousands digit of 10331?
1
What is the units digit of 1736?
6
What is the tens digit of 6085?
8
What is the thousands digit of 29410?
9
What is the hundreds digit of 866?
8
What is the tens digit of 6721?
2
What is the units digit of 5799?
9
What is the ten thousands digit of 11593?
1
What is the tens digit of 780?
8
What is the ten thousands digit of 19491?
1
What is the units digit of 34695?
5
What is the thousands digit of 4930?
4
What is the hundreds digit of 1333?
3
What is the units digit of 6335?
5
What is the tens digit of 731?
3
What is the hundreds digit of 16797?
7
What is the tens digit of 1738?
3
What is the units digit of 1879?
9
What is the units digit of 12730?
0
What is the thousands digit of 5427?
5
What is the units digit of 171706?
6
What is the tens digit of 3790?
9
What is the units digit of 55060?
0
What is the units digit of 28307?
7
What is the units digit of 11778?
8
What is the hundreds digit of 223?
2
What is the hundreds digit of 1058?
0
What is the thousands digit of 3577?
3
What is the thousands digit of 1143?
1
What is the units digit of 53052?
2
What is the units digit of 7883?
3
What is the units digit of 774?
4
What is the hundreds digit of 1199?
1
What is the thousands digit of 7385?
7
What is the tens digit of 624?
2
What is the tens digit of 69502?
0
What is the thousands digit of 6904?
6
What is the tens digit of 4696?
9
What is the hundreds digit of 3620?
6
What is the thousands digit of 6922?
6
What is the tens digit of 4054?
5
What is the hundreds digit of 1950?
9
What is the thousands digit of 24304?
4
What is the hundreds digit of 1584?
5
What is the units digit of 4233?
3
What is the tens digit of 1338?
3
What is the units digit of 655?
5
What is the thousands digit of 63459?
3
What is the units digit of 103421?
1
What is the tens digit of 1274?
7
What is the hundreds digit of 61945?
9
What is the tens digit of 3827?
2
What is the hundreds digit of 87760?
7
What is the hundreds digit of 13634?
6
What is the hundreds digit of 455?
4
What is the tens digit of 1386?
8
What is the units digit of 73027?
7
What is the units digit of 1690?
0
What is the hundreds digit of 69015?
0
What is the hundreds digit of 43384?
3
What is the tens digit of 1009?
0
What is the tens digit of 109770?
7
What is the tens digit of 3988?
8
What is the units digit of 9880?
0
What is the units digit of 14454?
4
What is the units digit of 467?
7
What is the hundreds digit of 147642?
6
What is the units digit of 1062?
2
What is the units digit of 13906?
6
What is the units digit of 60725?
5
What is the hundreds digit of 5526?
5
What is the thousands digit of 85879?
5
What is the units digit of 1578?
8
What is the tens digit of 1093?
9
What is the tens digit of 3077?
7
What is the units digit of 18586?
6
What is the hundreds digit of 30669?
6
What is the units digit of 305?
5
What is the thousands digit of 2434?
2
What is the units digit of 229?
9
What is the thousands digit of 16419?
6
What is the units digit of 94142?
2
What is the thousands digit of 21062?
1
What is the hundreds digit of 4014?
0
What is the units digit of 5260?
0
What is the thousands digit of 29336?
9
What is the thousands digit of 1803?
1
What is the hundreds digit of 1426?
4
What is the tens digit of 30077?
7
What is the hundreds digit of 2575?
5
What is the units digit of 95246?
6
What is the hundreds digit of 5482?
4
What is the units digit of 74323?
3
What is the hundreds digit of 22625?
6
What is the units digit of 20749?
9
What is the units digit of 2692?
2
What is the units digit of 5727?
7
What is the ten thousands digit of 20866?
2
What is the hundreds digit of 24915?
9
What is the units digit of 12308?
8
What is the tens digit of 501?
0
What is the units digit of 1010?
0
What is the tens digit of 301?
0
What is the units digit of 8993?
3
What is the thousands digit of 2724?
2
What is the thousands digit of 2641?
2
What is the hundreds digit of 5811?
8
What is the units digit of 8114?
4
What is the tens digit of 16664?
6
What is the tens digit of 171?
7
What is the tens digit of 177?
7
What is the hundreds digit of 30154?
1
What is the hundreds digit of 4570?
5
What is the thousands digit of 4163?
4
What is the tens digit of 136802?
0
What is the tens digit of 989?
8
What is the units digit of 4474?
4
What is the ten thousands digit of 21112?
2
What is the thousands digit of 6167?
6
What is the thousands digit of 1022?
1
What is the thousands digit of 49769?
9
What is the tens digit of 1499?
9
What is the tens digit of 6446?